e 6) to base 15.
12
What is 1 (base 15) in base 8?
1
What is -52 (base 15) in base 13?
-5c
Convert -137 (base 11) to base 15.
-ab
What is 5 (base 9) in base 11?
5
What is 110 (base 2) in base 15?
6
7 (base 15) to base 2
111
What is 1 (base 8) in base 6?
1
231 (base 5) to base 4
1002
What is 0 (base 14) in base 2?
0
-4 (base 7) to base 11
-4
What is 6 (base 7) in base 13?
6
What is 5c (base 13) in base 4?
1031
-22 (base 14) to base 2
-11110
Convert c8 (base 15) to base 11.
161
What is 11 (base 9) in base 7?
13
Convert -2a (base 12) to base 6.
-54
What is 0 (base 2) in base 3?
0
Convert -5 (base 14) to base 16.
-5
-2020 (base 3) to base 15
-40
What is 10 (base 4) in base 13?
4
-2 (base 16) to base 14
-2
Convert 10 (base 2) to base 4.
2
-88 (base 12) to base 13
-80
What is -11 (base 5) in base 9?
-6
-27 (base 9) to base 4
-121
What is d (base 16) in base 6?
21
Convert -4 (base 9) to base 2.
-100
Convert -30 (base 5) to base 7.
-21
Convert -2 (base 4) to base 15.
-2
What is 30 (base 4) in base 8?
14
214 (base 5) to base 8
73
Convert -2 (base 8) to base 10.
-2
Convert 46 (base 7) to base 4.
202
Convert -2 (base 12) to base 6.
-2
Convert -1 (base 16) to base 15.
-1
What is -1122 (base 3) in base 13?
-35
What is 0 (base 9) in base 11?
0
What is 111 (base 7) in base 10?
57
What is -29 (base 11) in base 10?
-31
-1203 (base 4) to base 10
-99
Convert 22 (base 8) to base 10.
18
111 (base 3) to base 14
d
115 (base 9) to base 3
10112
3 (base 11) to base 7
3
What is 320 (base 8) in base 15?
dd
-5 (base 14) to base 7
-5
What is -4 (base 16) in base 14?
-4
72 (base 8) to base 12
4a
Convert 32 (base 7) to base 11.
21
What is -57 (base 15) in base 6?
-214
What is -2 (base 8) in base 13?
-2
-14 (base 5) to base 7
-12
What is 111 (base 2) in base 6?
11
What is -13 (base 14) in base 9?
-18
What is 3 (base 9) in base 2?
11
Convert 236 (base 7) to base 8.
175
Convert 11 (base 4) to base 16.
5
Convert 515 (base 8) to base 12.
239
-11 (base 2) to base 11
-3
Convert -1002 (base 6) to base 5.
-1333
What is -10 (base 5) in base 14?
-5
What is 2 (base 3) in base 14?
2
What is 48 (base 11) in base 13?
40
Convert -1 (base 15) to base 9.
-1
What is -47 (base 15) in base 12?
-57
-1d (base 14) to base 4
-123
What is -2112 (base 3) in base 14?
-4c
Convert 1 (base 5) to base 15.
1
Convert 9 (base 15) to base 8.
11
What is b (base 14) in base 4?
23
Convert 7b (base 15) to base 8.
164
-101101 (base 2) to base 7
-63
-5 (base 9) to base 10
-5
What is -2113 (base 5) in base 13?
-18a
-15 (base 7) to base 10
-12
57 (base 10) to base 13
45
-12 (base 12) to base 16
-e
-72 (base 11) to base 2
-1001111
2 (base 4) to base 5
2
What is 4 (base 12) in base 14?
4
2 (base 13) to base 5
2
-3 (base 6) to base 5
-3
0 (base 2) to base 3
0
1233 (base 4) to base 14
7d
-19 (base 16) to base 3
-221
-3 (base 14) to base 2
-11
-6 (base 14) to base 9
-6
What is 1c (base 14) in base 2?
11010
What is 0 (base 13) in base 4?
0
Convert -12 (base 4) to base 8.
-6
What is -2 (base 6) in base 8?
-2
What is -3 (base 8) in base 9?
-3
What is 1 (base 10) in base 7?
1
What is -b4 (base 15) in base 5?
-1134
What is 30 (base 6) in base 11?
17
Convert -4 (base 10) to base 7.
-4
-224 (base 10) to base 6
-1012
Convert 431 (base 6) to base 9.
201
110 (base 3) to base 5
22
Convert 3 (base 7) to base 4.
3
What is d (base 16) in base 15?
d
What is b8 (base 15) in base 13?
104
12202 (base 3) to base 8
233
What is 223 (base 7) in base 5?
430
Convert 11101000 (base 2) to base 4.
3220
Convert 5 (base 10) to base 5.
10
-8a (base 11) to base 8
-142
1 (base 9) to base 7
1
Convert 10 (base 7) to base 16.
7
What is 34 (base 5) in base 11?
18
5 (base 12) to base 7
5
4 (base 9) to base 10
4
What is 34 (base 9) in base 8?
37
10 (base 2) to base 15
2
-11 (base 5) to base 15
-6
Convert -12 (base 9) to base 5.
-21
What is 10 (base 5) in base 3?
12
What is 4 (base 15) in base 10?
4
What is -6 (base 13) in base 12?
-6
What is 87 (base 14) in base 16?
77
Convert -2 (base 11) to base 14.
-2
Convert 4 (base 6) to base 9.
4
-1 (base 16) to base 7
-1
Convert -11000110 (base 2) to base 5.
-1243
0 (base 12) to base 4
0
What is -5 (base 10) in base 12?
-5
Convert 11 (base 13) to base 15.
e
Convert 20 (base 9) to base 8.
22
What is -2 (base 3) in base 2?
-10
Convert -5 (base 12) to base 13.
-5
What is 1d (base 16) in base 13?
23
-3 (base 7) to base 12
-3
What is -67 (base 13) in base 12?
-71
Convert 4 (base 9) to base 11.
4
-9 (base 11) to base 13
-9
Convert 4 (base 8) to base 4.
10
19 (base 11) to base 7
26
What is 16 (base 15) in base 14?
17
Convert -423 (base 5) to base 15.
-78
5 (base 16) to base 5
10
15 (base 13) to base 4
102
Convert 362 (base 8) to base 14.
134
What is 142 (base 15) in base 11?
241
Convert 10 (base 2) to base 13.
2
What is -1010 (base 3) in base 14?
-22
7 (base 10) to base 15
7
-212 (base 5) to base 7
-111
Convert -149 (base 10) to base 7.
-302
-23 (base 4) to base 12
-b
Convert 62 (base 15) to base 4.
1130
-5 (base 14) to base 6
-5
Convert -17 (base 9) to base 7.
-22
What is -252 (base 9) in base 8?
-321
Convert 423 (base 7) to base 8.
325
What is -1 (base 4) in base 16?
-1
What is -1d (base 15) in base 10?
-28
Convert -18 (base 10) to base 14.
-14
What is 1 (base 3) in base 8?
1
What is 1 (base 5) in base 7?
1
What is -2 (base 3) in base 15?
-2
What is -1 (base 5) in base 12?
-1
-23 (base 4) to base 2
-1011
Convert 103 (base 4) to base 10.
19
Convert -102 (base 3) to base 2.
-1011
Convert -52 (base 8) to base 14.
-30
-2 (base 5) to base 2
-10
Convert 3 (base 4) to base 14.
3
26 (base 15) to base 12
30
5 (base 10) to base 14
5
Convert -110 (base 2) to base 5.
-11
-25 (base 7) to base 14
-15
Convert 231 (base 5) to base 6.
150
What is 0 (base 5) in base 15?
0
What is 338 (base 9) in base 11?
233
What is -1 (base 8) in base 3?
-1
What is -7e (base 16) in base 14?
-90
What is 85 (base 12) in base 14?
73
Convert 2a (base 12) to base 4.
202
Convert 4 (base 16) to base 11.
4
3 (base 4) to base 7
3
What is -2110 (base 4) in base 15?
-9d
-1 (base 13) to base 9
-1
Convert -30 (base 14) to base 6.
-110
What is 201 (base 8) in base 9?
153
3 (base 15) to base 11
3
What is -108 (base 10) in base 15?
-73
5 (base 9) to base 16
5
What is -14 (base 8) in base 9?
-13
Convert -5 (base 6) to base 12.
-5
What is -57 (base 10) in base 16?
-39
Convert 200 (base 3) to base 7.
24
2 (base 16) to base 14
2
What is -5 (base 12) in base 8?
-5
8 (base 14) to base 11
8
-133 (base 5) to base 16
-2b
1 (base 10) to base 5
1
What is 8b (base 15) in base 5?
1011
What is 1103 (base 6) in base 10?
255
What is 3 (base 10) in base 12?
3
4 (base 5) to base 15
4
Convert -61 (base 8) to base 14.
-37
What is -1 (base 10) in base 13?
-1
Convert 2 (base 14) to base 8.
2
6 (base 8) to base 9
6
What is -10201 (base 3) in base 14?
-72
-4 (base 16) to base 15
-4
What is 68 (base 12) in base 3?
2222
0 (base 10) to base 14
0
Convert 122 (base 3) to base 7.
23
Convert 3 (base 16) to base 13.
3
-22022 (base 3) to base 15
-ee
Convert -2 (base 7) to base 11.
-2
Convert -2 (base 13) to base 16.
-2
Convert -230 (base 4) to base 10.
-44
-3 (base 15) to base 3
-10
What is -79 (base 10) in base 15?
-54
Convert 19 (base 11) to base 10.
20
-3 (base 13) to base 2
-11
Convert -122 (base 9) to base 6.
-245
What is 111 (base 3) in base 9?
14
What is 1 (base 9) in base 2?
1
Convert 101 (base 4) to base 7.
23
Convert -7 (base 10) to base 4.
-13
Convert 15 (base 6) to base 12.
b
Convert 2 (base 8) to base 2.
10
-3a (base 15) to base 14
-3d
Convert 13 (base 4) to base 13.
7
What is 2 (base 3) in base 16?
2
What is -161 (base 9) in base 16?
-88
0 (base 11) to base 2
0
Convert 167 (base 8) to base 3.
11102
0 (base 7) to base 4
0
-4 (base 16) to base 9
-4
Convert -10 (base 14) to base 11.
-13
What is 17 (base 12) in base 16?
13
What is 43 (base 13) in base 8?
67
What is -100101 (base 3) in base 14?
-141
What is -16 (base 11) in base 2?
-10001
Convert -9 (base 10) to base 8.
-11
-5 (base 14) to base 2
-101
Convert 8 (base 9) to base 11.
8
What is -3 (base 11) in base 12?
-3
Convert 24 (base 5) to base 6.
22
-9 (base 15) to base 10
-9
What is -5 (base 13) in base 14?
-5
Convert -127 (base 12) to base 5.
-1200
-2a (base 13) to base 7
-51
Convert -5 (base 16) to base 10.
-5
101 (base 2) to base 6
5
C